8.
-54525
-121022 (base 3) to base 5
-3230
1131111 (base 4) to base 13
2946
What is -13068 (base 12) in base 8?
-62620
Convert -1301300 (base 4) to base 10.
-7280
What is -13 (base 7) in base 8?
-12
Convert 2373 (base 8) to base 2.
10011111011
What is 14000 (base 9) in base 16?
2505
Convert 303 (base 5) to base 9.
86
-2023 (base 10) to base 4
-133213
-96 (base 14) to base 13
-a2
-101203 (base 5) to base 11
-2533
What is 23030 (base 4) in base 11?
5a1
Convert -416033 (base 7) to base 2.
-10001100000011111
Convert -21010 (base 8) to base 6.
-104200
-1125 (base 7) to base 14
-215
What is -2154 (base 8) in base 10?
-1132
What is -10011000001010 (base 2) in base 9?
-14320
What is -a471 (base 13) in base 5?
-1211423
15556 (base 9) to base 5
320122
Convert 6466 (base 9) to base 12.
2906
Convert -128 (base 11) to base 6.
-411
27211 (base 8) to base 2
10111010001001
Convert 11 (base 11) to base 14.
c
Convert 1112201 (base 3) to base 6.
5114
-58 (base 12) to base 3
-2112
1314 (base 7) to base 6
2153
What is 1003200 (base 4) in base 6?
32000
Convert 317 (base 9) to base 16.
103
a1 (base 12) to base 8
171
Convert -10145 (base 7) to base 8.
-4663
884 (base 16) to base 12
1318
4c6 (base 16) to base 15
567
-356 (base 7) to base 5
-1223
What is -134030 (base 5) in base 6?
-41311
Convert 1101001001 (base 2) to base 13.
4c9
-212140 (base 6) to base 13
-7b7b
Convert -146 (base 11) to base 15.
-b6
baa8 (base 15) to base 3
2000020012
-614 (base 9) to base 8
-763
Convert -3621 (base 10) to base 3.
-11222010
-4c4d (base 16) to base 6
-230233
282 (base 14) to base 11
420
Convert 5849 (base 16) to base 11.
15a87
2108 (base 9) to base 15
6d2
-12 (base 10) to base 5
-22
Convert 10051 (base 6) to base 4.
110233
What is -960 (base 14) in base 4?
-130320
Convert 582 (base 14) to base 12.
772
What is 23 (base 16) in base 4?
203
What is -11100000101 (base 2) in base 14?
-925
Convert -6ab4 (base 12) to base 11.
-8a79
What is -45376 (base 10) in base 5?
-2423001
1c36 (base 14) to base 6
35452
1110111011100 (base 2) to base 15
23e9
What is -103041 (base 5) in base 9?
-4742
What is 2131 (base 6) in base 12?
347
-1010011010111 (base 2) to base 16
-14d7
Convert 1220211 (base 3) to base 8.
2567
-1433 (base 8) to base 13
-492
Convert -30c (base 15) to base 7.
-2001
1168 (base 9) to base 5
11442
Convert -4a8 (base 15) to base 5.
-13213
Convert 110201100 (base 3) to base 15.
2b30
1344243 (base 5) to base 15
84b8
Convert -1329 (base 11) to base 15.
-7a0
What is -c3a (base 13) in base 2?
-100000011101
Convert -11230 (base 6) to base 8.
-3102
Convert -44574 (base 8) to base 9.
-27722
3013 (base 7) to base 15
494
What is 2b68 (base 15) in base 2?
10010001101011
212303 (base 5) to base 3
100212210
Convert -145a1 (base 11) to base 4.
-11003021
What is 2c8 (base 14) in base 2?
1000111000
Convert 14862 (base 9) to base 6.
115045
Convert -235 (base 14) to base 4.
-12313
What is 5080 (base 10) in base 8?
11730
Convert 3640 (base 8) to base 14.
9d6
Convert 350256 (base 7) to base 6.
1201353
-1000000010111 (base 2) to base 4
-1000113
Convert bd0 (base 16) to base 13.
14b8
Convert cbc (base 15) to base 12.
17b9
Convert 32321 (base 4) to base 6.
4225
1212022 (base 3) to base 15
608
da62 (base 15) to base 6
553545
What is 4362 (base 8) in base 6?
14334
-128 (base 10) to base 6
-332
Convert -347 (base 11) to base 16.
-19e
-46665 (base 7) to base 5
-341003
What is -10535 (base 6) in base 9?
-2045
53602 (base 7) to base 3
200021201
What is -648 (base 15) in base 16?
-58a
1927 (base 16) to base 12
3887
-101011101000 (base 2) to base 6
-20532
Convert -111110001101 (base 2) to base 9.
-5413
What is 101020 (base 3) in base 10?
276
Convert 9534 (base 15) to base 9.
47244
What is -13433 (base 8) in base 5?
-142130
-13685 (base 10) to base 2
-11010101110101
Convert -32321 (base 4) to base 5.
-12303
What is 850 (base 10) in base 4?
31102
What is -23a8 (base 11) in base 13?
-157a
What is 3065 (base 8) in base 14?
817
Convert 2142 (base 10) to base 3.
2221100
What is 3683 (base 13) in base 14?
2b4c
Convert 263a (base 12) to base 4.
1010032
Convert -6764 (base 11) to base 4.
-2023013
-5181 (base 13) to base 3
-120110000
Convert -927 (base 13) to base 14.
-7d0
-8c6 (base 14) to base 4
-123032
-12362 (base 9) to base 2
-10000001111110
-3e6 (base 15) to base 6
-4043
Convert -1010101011 (base 2) to base 16.
-2ab
What is -11001110001 (base 2) in base 11?
-126a
Convert -222ca (base 13) to base 15.
-1359a
What is -38b (base 12) in base 9?
-658
Convert 1ff (base 16) to base 11.
425
11100110111 (base 2) to base 6
12315
11001 (base 6) to base 16
5e9
11100100 (base 2) to base 11
198
-436 (base 15) to base 7
-2526
What is -23087 (base 12) in base 16?
-b6a7
Convert 900 (base 13) to base 2.
10111110001
Convert -1416 (base 12) to base 11.
-1821
Convert b98 (base 16) to base 11.
2259
What is 748 (base 10) in base 4?
23230
Convert -33721 (base 9) to base 15.
-69c1
-17679 (base 11) to base 8
-60302
What is 20895 (base 13) in base 6?
1131140
What is a20 (base 11) in base 8?
2320
1012 (base 5) to base 4
2010
What is -654 (base 7) in base 6?
-1313
Convert -786 (base 9) to base 15.
-2d0
What is -1bb (base 16) in base 7?
-1202
Convert 5ba4 (base 16) to base 12.
116b0
Convert 11232 (base 4) to base 12.
266
-3101333 (base 4) to base 11
-a108
-ab7 (base 13) to base 5
-24330
Convert -11111001000 (base 2) to base 6.
-13120
-1010101 (base 2) to base 12
-71
Convert -102332 (base 4) to base 7.
-3353
What is -445451 (base 6) in base 13?
-1411c
What is 176 (base 15) in base 8?
520
What is 46 (base 12) in base 7?
105
What is -1002132 (base 4) in base 13?
-1c23
-2604 (base 7) to base 6
-4320
What is -11a04 (base 13) in base 2?
-111111011000100
Convert -871 (base 9) to base 16.
-2c8
What is -445451 (base 6) in base 2?
-1001001010100111
25a5 (base 11) to base 9
4567
7131 (base 9) to base 12
3024
-1586 (base 9) to base 2
-10010111100
Convert -200112 (base 4) to base 15.
-930
Convert -5505 (base 7) to base 15.
-8b0
-88e6 (base 15) to base 16
-7158
-58dc (base 16) to base 15
-6b18
-12111 (base 3) to base 12
-104
What is -38c (base 14) in base 11?
-598
What is 55371 (base 9) in base 15?
ad57
What is 540 (base 9) in base 11?
371
What is -63c2 (base 13) in base 7?
-55241
-11310 (base 8) to base 6
-34132
17a1 (base 15) to base 11
3918
Convert 57 (base 14) to base 10.
77
What is -133450 (base 6) in base 3?
-122010110
What is 1863 (base 15) in base 13?
2523
What is 61451 (base 9) in base 5?
2243330
Convert 1101010111 (base 2) to base 14.
451
Convert -13431 (base 5) to base 14.
-59a
-1a1 (base 15) to base 12
-274
Convert 1414 (base 7) to base 15.
26a
10220 (base 4) to base 5
2141
Convert -1cb (base 16) to base 4.
-13023
What is 18054 (base 9) in base 4?
3002122
Convert 234 (base 6) to base 4.
1132
What is -25a0 (base 14) in base 2?
-1100111010000
What is -11026 (base 7) in base 13?
-1348
What is -1000100100001000 (base 2) in base 16?
-8908
Convert -2032121 (base 4) to base 16.
-2399
What is -1aa02 (base 12) in base 14?
-10546
12301 (base 5) to base 6
4223
1420 (base 8) to base 7
2200
-1321 (base 10) to base 7
-3565
What is 2464 (base 14) in base 6?
45240
Convert -1897 (base 15) to base 7.
-21334
Convert -107b (base 14) to base 15.
-ca3
What is 1501 (base 8) in base 6?
3505
Convert -233133 (base 5) to base 15.
-27e8
Convert 30d (base 14) to base 16.
259
-1120002212 (base 3) to base 15
-9165
What is -2351 (base 16) in base 15?
-2a2b
dd4 (base 15) to base 7
12052
Convert -10403 (base 6) to base 3.
-1222110
What is 112 (base 4) in base 2?
10110
What is -10021220200 (base 3) in base 13?
-23670
18145 (base 10) to base 9
26801
What is 212255 (base 7) in base 2?
1000111111100111
What is 23331 (base 4) in base 8?
1375
What is -3210012 (base 4) in base 12?
-8546
What is -134134 (base 5) in base 3?
-21121100
434042 (base 5) to base 14
5601
7a3 (base 15) to base 7
5016
8804 (base 10) to base 6
104432
4244 (base 12) to base 3
100221121
What is 4314 (base 10) in base 13?
1c6b
-42ca (base 13) to base 5
-244132
What is 787c (base 13) in base 7?
100036
44665 (base 7) to base 13
51c7
-10343 (base 5) to base 3
-222210
302 (base 5) to base 7
140
What is 202 (base 4) in base 7?
46
222021 (base 4) to base 3
10200220
Convert -563 (base 13) to base 14.
-4a2
100241 (base 7) to b